{"id":2948,"date":"2025-05-02T12:50:51","date_gmt":"2025-05-02T12:50:51","guid":{"rendered":"http:\/\/egecarsisi.nl\/?post_type=product&#038;p=2948"},"modified":"2026-03-12T23:50:13","modified_gmt":"2026-03-12T23:50:13","slug":"gemlik-kuru-sele-siyah-zeytin-tuzsuz-2","status":"publish","type":"product","link":"https:\/\/egecarsisi.nl\/index.php\/urun\/gemlik-kuru-sele-siyah-zeytin-tuzsuz-2\/","title":{"rendered":"Gemlik Kuru Sele Siyah Zeytin (Tuzsuz) 600 Gr"},"content":{"rendered":"<p>Gemlik y\u00f6resinin en se\u00e7kin zeytinleri art\u0131k sofran\u0131zda.<\/p>\n<p>Zeytin \u00e7e\u015fitleri kahvalt\u0131 sofralar\u0131n\u0131n en \u00f6nemli besinleri aras\u0131nda yer al\u0131r.<\/p>\n<p>Uzmanlar her g\u00fcn en az 7 adet zeytin t\u00fcketilmesi gerekti\u011fini belirtmektedir.<\/p>\n<p>G\u00fcnde 3-5 tane zeytin t\u00fcketmek mide a\u011fr\u0131lar\u0131n\u0131 hafifletir.<\/p>\n<p>Kolon kanserine kar\u015f\u0131 koruyucu oldu\u011fu bilinmektedir.<\/p>\n<p>G\u00fc\u00e7l\u00fc antioksidan i\u00e7eri\u011fe sahiptir.<\/p>\n<p>Kan yapar.<\/p>\n<p>Y\u00fcksek kolestrol\u00fcn d\u00fc\u015fmesine destek olur.<\/p>\n","protected":false},"excerpt":{"rendered":"<p>Gemlik y\u00f6resinin en se\u00e7kin zeytinleri art\u0131k sofran\u0131zda. Zeytin \u00e7e\u015fitleri kahvalt\u0131 sofralar\u0131n\u0131n en \u00f6nemli besinleri aras\u0131nda yer al\u0131r. Uzmanlar her g\u00fcn en az 7 adet zeytin t\u00fcketilmesi gerekti\u011fini belirtmektedir. G\u00fcnde 3-5 tane zeytin t\u00fcketmek mide a\u011fr\u0131lar\u0131n\u0131 hafifletir. Kolon kanserine kar\u015f\u0131 koruyucu oldu\u011fu bilinmektedir. G\u00fc\u00e7l\u00fc antioksidan i\u00e7eri\u011fe sahiptir. Kan yapar. Y\u00fcksek kolestrol\u00fcn d\u00fc\u015fmesine destek olur.<\/p>\n","protected":false},"featured_media":2953,"comment_status":"open","ping_status":"closed","template":"","meta":[],"product_brand":[],"product_cat":[78,97],"product_tag":[],"class_list":{"0":"post-2948","1":"product","2":"type-product","3":"status-publish","4":"has-post-thumbnail","6":"product_cat-kahvaltilik-cesitleri","7":"product_cat-zeytin-zeytinyagi","9":"first","10":"instock","11":"shipping-taxable","12":"purchasable","13":"product-type-simple"},"_links":{"self":[{"href":"https:\/\/egecarsisi.nl\/index.php\/wp-json\/wp\/v2\/product\/2948","targetHints":{"allow":["GET"]}}],"collection":[{"href":"https:\/\/egecarsisi.nl\/index.php\/wp-json\/wp\/v2\/product"}],"about":[{"href":"https:\/\/egecarsisi.nl\/index.php\/wp-json\/wp\/v2\/types\/product"}],"replies":[{"embeddable":true,"href":"https:\/\/egecarsisi.nl\/index.php\/wp-json\/wp\/v2\/comments?post=2948"}],"version-history":[{"count":2,"href":"https:\/\/egecarsisi.nl\/index.php\/wp-json\/wp\/v2\/product\/2948\/revisions"}],"predecessor-version":[{"id":5627,"href":"https:\/\/egecarsisi.nl\/index.php\/wp-json\/wp\/v2\/product\/2948\/revisions\/5627"}],"wp:featuredmedia":[{"embeddable":true,"href":"https:\/\/egecarsisi.nl\/index.php\/wp-json\/wp\/v2\/media\/2953"}],"wp:attachment":[{"href":"https:\/\/egecarsisi.nl\/index.php\/wp-json\/wp\/v2\/media?parent=2948"}],"wp:term":[{"taxonomy":"product_brand","embeddable":true,"href":"https:\/\/egecarsisi.nl\/index.php\/wp-json\/wp\/v2\/product_brand?post=2948"},{"taxonomy":"product_cat","embeddable":true,"href":"https:\/\/egecarsisi.nl\/index.php\/wp-json\/wp\/v2\/product_cat?post=2948"},{"taxonomy":"product_tag","embeddable":true,"href":"https:\/\/egecarsisi.nl\/index.php\/wp-json\/wp\/v2\/product_tag?post=2948"}],"curies":[{"name":"wp","href":"https:\/\/api.w.org\/{rel}","templated":true}]}}