{"id":3515,"date":"2025-05-02T14:51:31","date_gmt":"2025-05-02T14:51:31","guid":{"rendered":"http:\/\/egecarsisi.nl\/?post_type=product&#038;p=3515"},"modified":"2025-10-30T20:57:34","modified_gmt":"2025-10-30T20:57:34","slug":"narli-fitil-lokum-350","status":"publish","type":"product","link":"https:\/\/egecarsisi.nl\/index.php\/urun\/narli-fitil-lokum-350\/","title":{"rendered":"Narl\u0131 Fitil Lokum &#8211; 500gr"},"content":{"rendered":"<p>T\u00fcm lokumlar\u0131m\u0131z, yaln\u0131zca taze ve \u00fcst d\u00fczey kalitedeki malzemeler kullan\u0131larak, geleneksel y\u00f6ntemlerle \u00fcretilmektedir.<\/p>\n<p>Lezzetli ve do\u011fal malzemelerle \u00fcretilen lokumlar\u0131m\u0131z hem g\u00f6ze hem de dama\u011fa hitap etmektedir.<\/p>\n","protected":false},"excerpt":{"rendered":"<p>T\u00fcm lokumlar\u0131m\u0131z, yaln\u0131zca taze ve \u00fcst d\u00fczey kalitedeki malzemeler kullan\u0131larak, geleneksel y\u00f6ntemlerle \u00fcretilmektedir. Lezzetli ve do\u011fal malzemelerle \u00fcretilen lokumlar\u0131m\u0131z hem g\u00f6ze hem de dama\u011fa hitap etmektedir.<\/p>\n","protected":false},"featured_media":3517,"comment_status":"open","ping_status":"closed","template":"","meta":[],"product_brand":[],"product_cat":[84],"product_tag":[],"class_list":{"0":"post-3515","1":"product","2":"type-product","3":"status-publish","4":"has-post-thumbnail","6":"product_cat-lokum-pestil","8":"first","9":"instock","10":"sale","11":"shipping-taxable","12":"purchasable","13":"product-type-simple"},"_links":{"self":[{"href":"https:\/\/egecarsisi.nl\/index.php\/wp-json\/wp\/v2\/product\/3515","targetHints":{"allow":["GET"]}}],"collection":[{"href":"https:\/\/egecarsisi.nl\/index.php\/wp-json\/wp\/v2\/product"}],"about":[{"href":"https:\/\/egecarsisi.nl\/index.php\/wp-json\/wp\/v2\/types\/product"}],"replies":[{"embeddable":true,"href":"https:\/\/egecarsisi.nl\/index.php\/wp-json\/wp\/v2\/comments?post=3515"}],"version-history":[{"count":3,"href":"https:\/\/egecarsisi.nl\/index.php\/wp-json\/wp\/v2\/product\/3515\/revisions"}],"predecessor-version":[{"id":5684,"href":"https:\/\/egecarsisi.nl\/index.php\/wp-json\/wp\/v2\/product\/3515\/revisions\/5684"}],"wp:featuredmedia":[{"embeddable":true,"href":"https:\/\/egecarsisi.nl\/index.php\/wp-json\/wp\/v2\/media\/3517"}],"wp:attachment":[{"href":"https:\/\/egecarsisi.nl\/index.php\/wp-json\/wp\/v2\/media?parent=3515"}],"wp:term":[{"taxonomy":"product_brand","embeddable":true,"href":"https:\/\/egecarsisi.nl\/index.php\/wp-json\/wp\/v2\/product_brand?post=3515"},{"taxonomy":"product_cat","embeddable":true,"href":"https:\/\/egecarsisi.nl\/index.php\/wp-json\/wp\/v2\/product_cat?post=3515"},{"taxonomy":"product_tag","embeddable":true,"href":"https:\/\/egecarsisi.nl\/index.php\/wp-json\/wp\/v2\/product_tag?post=3515"}],"curies":[{"name":"wp","href":"https:\/\/api.w.org\/{rel}","templated":true}]}}