{"id":3620,"date":"2025-05-02T15:20:10","date_gmt":"2025-05-02T15:20:10","guid":{"rendered":"http:\/\/egecarsisi.nl\/?post_type=product&#038;p=3620"},"modified":"2025-11-17T23:29:12","modified_gmt":"2025-11-17T23:29:12","slug":"sumak","status":"publish","type":"product","link":"https:\/\/egecarsisi.nl\/index.php\/urun\/sumak\/","title":{"rendered":"Sumak 250gr"},"content":{"rendered":"<p>Sumak bitkisinin meyvesi k\u00fcre bi\u00e7iminde, k\u0131rm\u0131z\u0131ms\u0131, ek\u015fi lezzette olur. Uygun y\u00f6ntemlerle kurutulduktan sonra, sofra tuzuyla kar\u0131\u015ft\u0131r\u0131l\u0131p \u00f6\u011f\u00fct\u00fcl\u00fcr ve baharat olarak kullan\u0131lan \u201csumak\u201d elde edilir. \u00d6zellikle kokuyu azaltt\u0131\u011f\u0131 i\u00e7in so\u011fan salatalar\u0131nda tercih edilir. Sumak \u00e7ay \u015feklinde demlenerek de t\u00fcketilebilir.* \u00d6nemli Bir Antioksidand\u0131r.* Kan \u015fekerini d\u00fczenler.* Enfeksiyonlara kar\u015f\u0131 korur.* Bo\u011faz a\u011fr\u0131s\u0131, \u00f6ks\u00fcr\u00fck gibi solunum rahats\u0131zl\u0131klar\u0131nda tedavi edicidir.* \u0130drar s\u00f6kt\u00fcr\u00fcc\u00fc \u00f6zelli\u011fi vard\u0131r.* Kandaki kolesterol ve trigliserid d\u00fczeylerini azaltmaya destek olarak koroner arter hastal\u0131klar\u0131ndan korunmaya yard\u0131mc\u0131 olur.* Adet d\u00f6nemi a\u011fr\u0131 ve kramplar\u0131nda rahatlat\u0131c\u0131 etkisi vard\u0131r.<\/p>\n","protected":false},"excerpt":{"rendered":"<p>Sumak bitkisinin meyvesi k\u00fcre bi\u00e7iminde, k\u0131rm\u0131z\u0131ms\u0131, ek\u015fi lezzette olur. Uygun y\u00f6ntemlerle kurutulduktan sonra, sofra tuzuyla kar\u0131\u015ft\u0131r\u0131l\u0131p \u00f6\u011f\u00fct\u00fcl\u00fcr ve baharat olarak kullan\u0131lan \u201csumak\u201d elde edilir. \u00d6zellikle kokuyu azaltt\u0131\u011f\u0131 i\u00e7in so\u011fan salatalar\u0131nda tercih edilir. Sumak \u00e7ay \u015feklinde demlenerek de t\u00fcketilebilir.* \u00d6nemli Bir Antioksidand\u0131r.* Kan \u015fekerini d\u00fczenler.* Enfeksiyonlara kar\u015f\u0131 korur.* Bo\u011faz a\u011fr\u0131s\u0131, \u00f6ks\u00fcr\u00fck gibi solunum rahats\u0131zl\u0131klar\u0131nda tedavi edicidir.*<\/p>\n<div class=\"klb-readmore button\"><a class=\"btn link\" href=\"https:\/\/egecarsisi.nl\/index.php\/urun\/sumak\/\">Read More <i class=\"klbth-icon-right-arrow\"><\/i><\/a><\/div>\n","protected":false},"featured_media":3624,"comment_status":"open","ping_status":"closed","template":"","meta":[],"product_brand":[],"product_cat":[83],"product_tag":[],"class_list":{"0":"post-3620","1":"product","2":"type-product","3":"status-publish","4":"has-post-thumbnail","6":"product_cat-baharatlar","8":"first","9":"instock","10":"shipping-taxable","11":"purchasable","12":"product-type-simple"},"_links":{"self":[{"href":"https:\/\/egecarsisi.nl\/index.php\/wp-json\/wp\/v2\/product\/3620","targetHints":{"allow":["GET"]}}],"collection":[{"href":"https:\/\/egecarsisi.nl\/index.php\/wp-json\/wp\/v2\/product"}],"about":[{"href":"https:\/\/egecarsisi.nl\/index.php\/wp-json\/wp\/v2\/types\/product"}],"replies":[{"embeddable":true,"href":"https:\/\/egecarsisi.nl\/index.php\/wp-json\/wp\/v2\/comments?post=3620"}],"version-history":[{"count":3,"href":"https:\/\/egecarsisi.nl\/index.php\/wp-json\/wp\/v2\/product\/3620\/revisions"}],"predecessor-version":[{"id":5769,"href":"https:\/\/egecarsisi.nl\/index.php\/wp-json\/wp\/v2\/product\/3620\/revisions\/5769"}],"wp:featuredmedia":[{"embeddable":true,"href":"https:\/\/egecarsisi.nl\/index.php\/wp-json\/wp\/v2\/media\/3624"}],"wp:attachment":[{"href":"https:\/\/egecarsisi.nl\/index.php\/wp-json\/wp\/v2\/media?parent=3620"}],"wp:term":[{"taxonomy":"product_brand","embeddable":true,"href":"https:\/\/egecarsisi.nl\/index.php\/wp-json\/wp\/v2\/product_brand?post=3620"},{"taxonomy":"product_cat","embeddable":true,"href":"https:\/\/egecarsisi.nl\/index.php\/wp-json\/wp\/v2\/product_cat?post=3620"},{"taxonomy":"product_tag","embeddable":true,"href":"https:\/\/egecarsisi.nl\/index.php\/wp-json\/wp\/v2\/product_tag?post=3620"}],"curies":[{"name":"wp","href":"https:\/\/api.w.org\/{rel}","templated":true}]}}