{"id":3632,"date":"2025-05-02T15:21:40","date_gmt":"2025-05-02T15:21:40","guid":{"rendered":"http:\/\/egecarsisi.nl\/?post_type=product&#038;p=3632"},"modified":"2025-11-17T23:28:40","modified_gmt":"2025-11-17T23:28:40","slug":"nane","status":"publish","type":"product","link":"https:\/\/egecarsisi.nl\/index.php\/urun\/nane\/","title":{"rendered":"Nane 120gr"},"content":{"rendered":"<p>Mutfaklar\u0131n aromatik bitkisi nane, kuru ve ya\u015f haliyle \u015fifalar\u0131n\u0131 da\u011f\u0131tmaya devam ediyor. Salata ve \u00e7orbalarda b\u0131rakt\u0131\u011f\u0131 ferahlat\u0131c\u0131 koku, ayn\u0131 zamanda rahat bir sindirimin de habercisi oluyor. Ana vatan\u0131 Akdeniz ve Anadolu co\u011frafyas\u0131 olan nane, balkonda saks\u0131da da yeti\u015febilir. Nane asl\u0131nda sadece bir bitki de\u011fildir. Pek \u00e7ok k\u00fclt\u00fcrde misafirperverli\u011fi temsil etmektedir.Orta Do\u011fu \u00fclkelerinde \u00f6zel davetlerde \u00e7ay olarak ikram edilir. Naneden kuru baharat, bitki \u00e7ay\u0131, esans ya\u011f ve kolonya elde edilir.\u2013 Damar t\u0131kan\u0131kl\u0131\u011f\u0131 sorununu \u00f6nler.\u2013 Haz\u0131ms\u0131zl\u0131k sorunu ya\u015fayanlar\u0131n, haz\u0131ms\u0131zl\u0131\u011f\u0131n\u0131 gidermeye yard\u0131mc\u0131 olur.\u2013 Solunum bozuklu\u011fu sorununu \u00f6nler.\u2013 Migren a\u011fr\u0131s\u0131 gibi ba\u015f a\u011fr\u0131lar\u0131n\u0131 giderir.\u2013 Genellikle so\u011fuk k\u0131\u015f aylar\u0131nda so\u011fuk alg\u0131nl\u0131\u011f\u0131 ve ate\u015fe iyi geldi\u011fi i\u00e7in olduk\u00e7a fazla t\u00fcketilir.\u2013 Romatizma sorunu olanlar\u0131n a\u011fr\u0131s\u0131na iyi gelir.\u2013 Beyin fonksiyonlar\u0131n\u0131n geli\u015fimine katk\u0131s\u0131 vard\u0131r.\u2013 Cildi temizler<\/p>\n","protected":false},"excerpt":{"rendered":"<p>Mutfaklar\u0131n aromatik bitkisi nane, kuru ve ya\u015f haliyle \u015fifalar\u0131n\u0131 da\u011f\u0131tmaya devam ediyor. Salata ve \u00e7orbalarda b\u0131rakt\u0131\u011f\u0131 ferahlat\u0131c\u0131 koku, ayn\u0131 zamanda rahat bir sindirimin de habercisi oluyor. Ana vatan\u0131 Akdeniz ve Anadolu co\u011frafyas\u0131 olan nane, balkonda saks\u0131da da yeti\u015febilir. Nane asl\u0131nda sadece bir bitki de\u011fildir. Pek \u00e7ok k\u00fclt\u00fcrde misafirperverli\u011fi temsil etmektedir.Orta Do\u011fu \u00fclkelerinde \u00f6zel davetlerde \u00e7ay<\/p>\n<div class=\"klb-readmore button\"><a class=\"btn link\" href=\"https:\/\/egecarsisi.nl\/index.php\/urun\/nane\/\">Read More <i class=\"klbth-icon-right-arrow\"><\/i><\/a><\/div>\n","protected":false},"featured_media":0,"comment_status":"open","ping_status":"closed","template":"","meta":[],"product_brand":[],"product_cat":[83],"product_tag":[],"class_list":{"0":"post-3632","1":"product","2":"type-product","3":"status-publish","5":"product_cat-baharatlar","7":"first","8":"instock","9":"shipping-taxable","10":"purchasable","11":"product-type-simple"},"_links":{"self":[{"href":"https:\/\/egecarsisi.nl\/index.php\/wp-json\/wp\/v2\/product\/3632","targetHints":{"allow":["GET"]}}],"collection":[{"href":"https:\/\/egecarsisi.nl\/index.php\/wp-json\/wp\/v2\/product"}],"about":[{"href":"https:\/\/egecarsisi.nl\/index.php\/wp-json\/wp\/v2\/types\/product"}],"replies":[{"embeddable":true,"href":"https:\/\/egecarsisi.nl\/index.php\/wp-json\/wp\/v2\/comments?post=3632"}],"version-history":[{"count":4,"href":"https:\/\/egecarsisi.nl\/index.php\/wp-json\/wp\/v2\/product\/3632\/revisions"}],"predecessor-version":[{"id":5767,"href":"https:\/\/egecarsisi.nl\/index.php\/wp-json\/wp\/v2\/product\/3632\/revisions\/5767"}],"wp:attachment":[{"href":"https:\/\/egecarsisi.nl\/index.php\/wp-json\/wp\/v2\/media?parent=3632"}],"wp:term":[{"taxonomy":"product_brand","embeddable":true,"href":"https:\/\/egecarsisi.nl\/index.php\/wp-json\/wp\/v2\/product_brand?post=3632"},{"taxonomy":"product_cat","embeddable":true,"href":"https:\/\/egecarsisi.nl\/index.php\/wp-json\/wp\/v2\/product_cat?post=3632"},{"taxonomy":"product_tag","embeddable":true,"href":"https:\/\/egecarsisi.nl\/index.php\/wp-json\/wp\/v2\/product_tag?post=3632"}],"curies":[{"name":"wp","href":"https:\/\/api.w.org\/{rel}","templated":true}]}}