{"id":3687,"date":"2025-05-02T15:30:29","date_gmt":"2025-05-02T15:30:29","guid":{"rendered":"http:\/\/egecarsisi.nl\/?post_type=product&#038;p=3687"},"modified":"2025-11-17T23:36:28","modified_gmt":"2025-11-17T23:36:28","slug":"limontuzu","status":"publish","type":"product","link":"https:\/\/egecarsisi.nl\/index.php\/urun\/limontuzu\/","title":{"rendered":"Limontuzu 500gr"},"content":{"rendered":"<p>Toplumda Limon Tuzu olarak bilinen kimyasal sitrik asit renksiz ve kristal yap\u0131l\u0131 organik bir bile\u015fiktir.\u00c7o\u011fu meyve ve sebzede do\u011fal olarak bulunan ba\u015fl\u0131ca organik asitlerden biridir.Meyve ve sebzelere ek\u015fi tad\u0131n\u0131 veren bu asit \u00f6zellikle Narenciyelerde (Sitrus) bulundu\u011fu i\u00e7in sitrik asit ad\u0131 verilmi\u015ftir.G\u0131da sekt\u00f6r\u00fcnde en yayg\u0131n kullan\u0131lan katk\u0131 maddelerinden biridir.Temizlik ama\u00e7l\u0131da kullan\u0131l\u0131r ve iyi bir kire\u00e7 s\u00f6k\u00fcc\u00fcd\u00fcr<\/p>\n","protected":false},"excerpt":{"rendered":"<p>Toplumda Limon Tuzu olarak bilinen kimyasal sitrik asit renksiz ve kristal yap\u0131l\u0131 organik bir bile\u015fiktir.\u00c7o\u011fu meyve ve sebzede do\u011fal olarak bulunan ba\u015fl\u0131ca organik asitlerden biridir.Meyve ve sebzelere ek\u015fi tad\u0131n\u0131 veren bu asit \u00f6zellikle Narenciyelerde (Sitrus) bulundu\u011fu i\u00e7in sitrik asit ad\u0131 verilmi\u015ftir.G\u0131da sekt\u00f6r\u00fcnde en yayg\u0131n kullan\u0131lan katk\u0131 maddelerinden biridir.Temizlik ama\u00e7l\u0131da kullan\u0131l\u0131r ve iyi bir kire\u00e7 s\u00f6k\u00fcc\u00fcd\u00fcr<\/p>\n","protected":false},"featured_media":3690,"comment_status":"open","ping_status":"closed","template":"","meta":[],"product_brand":[],"product_cat":[83],"product_tag":[],"class_list":{"0":"post-3687","1":"product","2":"type-product","3":"status-publish","4":"has-post-thumbnail","6":"product_cat-baharatlar","8":"first","9":"instock","10":"shipping-taxable","11":"purchasable","12":"product-type-simple"},"_links":{"self":[{"href":"https:\/\/egecarsisi.nl\/index.php\/wp-json\/wp\/v2\/product\/3687","targetHints":{"allow":["GET"]}}],"collection":[{"href":"https:\/\/egecarsisi.nl\/index.php\/wp-json\/wp\/v2\/product"}],"about":[{"href":"https:\/\/egecarsisi.nl\/index.php\/wp-json\/wp\/v2\/types\/product"}],"replies":[{"embeddable":true,"href":"https:\/\/egecarsisi.nl\/index.php\/wp-json\/wp\/v2\/comments?post=3687"}],"version-history":[{"count":3,"href":"https:\/\/egecarsisi.nl\/index.php\/wp-json\/wp\/v2\/product\/3687\/revisions"}],"predecessor-version":[{"id":5779,"href":"https:\/\/egecarsisi.nl\/index.php\/wp-json\/wp\/v2\/product\/3687\/revisions\/5779"}],"wp:featuredmedia":[{"embeddable":true,"href":"https:\/\/egecarsisi.nl\/index.php\/wp-json\/wp\/v2\/media\/3690"}],"wp:attachment":[{"href":"https:\/\/egecarsisi.nl\/index.php\/wp-json\/wp\/v2\/media?parent=3687"}],"wp:term":[{"taxonomy":"product_brand","embeddable":true,"href":"https:\/\/egecarsisi.nl\/index.php\/wp-json\/wp\/v2\/product_brand?post=3687"},{"taxonomy":"product_cat","embeddable":true,"href":"https:\/\/egecarsisi.nl\/index.php\/wp-json\/wp\/v2\/product_cat?post=3687"},{"taxonomy":"product_tag","embeddable":true,"href":"https:\/\/egecarsisi.nl\/index.php\/wp-json\/wp\/v2\/product_tag?post=3687"}],"curies":[{"name":"wp","href":"https:\/\/api.w.org\/{rel}","templated":true}]}}