{"id":3756,"date":"2025-05-02T15:43:12","date_gmt":"2025-05-02T15:43:12","guid":{"rendered":"http:\/\/egecarsisi.nl\/?post_type=product&#038;p=3756"},"modified":"2025-11-17T23:36:27","modified_gmt":"2025-11-17T23:36:27","slug":"himalaya-tuzu-toz","status":"publish","type":"product","link":"https:\/\/egecarsisi.nl\/index.php\/urun\/himalaya-tuzu-toz\/","title":{"rendered":"Himalaya Tuzu (Toz) 500gr"},"content":{"rendered":"<p>Pembe Himalaya tuzu, Pakistan\u2019\u0131n da\u011flar\u0131ndan ve \u00f6zellikle Khewra madeninden gelen mineral bir maddedir. Bu tuz madeni, t\u00fcm gezegendeki en saf kaynaklardan biri olarak kabul edilmektedir.<\/p>\n<p>Pembe Himalaya tuzu, Avrupa, Amerika ve Asya\u2019da bulunan bir\u00e7ok \u00fclkede ba\u015far\u0131yla sat\u0131lan bir \u00fcr\u00fcnd\u00fcr. Bunun nedeni ise di\u011fer tuzlara g\u00f6re besin de\u011ferinin daha y\u00fcksek olmas\u0131d\u0131r. Pembe Himalaya tuzu v\u00fccudunuza ilgin\u00e7 faydalar sa\u011flar.<\/p>\n<p>Pembe Himalaya tuzu, v\u00fccuda faydas\u0131 bol olan 84 farkl\u0131 sa\u011fl\u0131kl\u0131 bile\u015feni i\u00e7erisinde bar\u0131nd\u0131r\u0131r. Dahas\u0131, v\u00fccudunuzun hayati sistemlerinin i\u015fleyi\u015fini daha iyi hale getirmenize yard\u0131mc\u0131 olan ve eser elementlerin ana kayna\u011f\u0131d\u0131r.<\/p>\n<p>Asl\u0131nda ilgin\u00e7 i\u00e7eri\u011fi nedeniyle, terapi ve kozmetik uygulamalar\u0131 da bulunmaktad\u0131r. B\u00f6ylece bu madde, v\u00fccudunuzu rahatlat\u0131r ve cildinizi canland\u0131r\u0131r.<\/p>\n","protected":false},"excerpt":{"rendered":"<p>Pembe Himalaya tuzu, Pakistan\u2019\u0131n da\u011flar\u0131ndan ve \u00f6zellikle Khewra madeninden gelen mineral bir maddedir. Bu tuz madeni, t\u00fcm gezegendeki en saf kaynaklardan biri olarak kabul edilmektedir. Pembe Himalaya tuzu, Avrupa, Amerika ve Asya\u2019da bulunan bir\u00e7ok \u00fclkede ba\u015far\u0131yla sat\u0131lan bir \u00fcr\u00fcnd\u00fcr. Bunun nedeni ise di\u011fer tuzlara g\u00f6re besin de\u011ferinin daha y\u00fcksek olmas\u0131d\u0131r. Pembe Himalaya tuzu v\u00fccudunuza ilgin\u00e7<\/p>\n<div class=\"klb-readmore button\"><a class=\"btn link\" href=\"https:\/\/egecarsisi.nl\/index.php\/urun\/himalaya-tuzu-toz\/\">Read More <i class=\"klbth-icon-right-arrow\"><\/i><\/a><\/div>\n","protected":false},"featured_media":3758,"comment_status":"open","ping_status":"closed","template":"","meta":[],"product_brand":[],"product_cat":[83],"product_tag":[],"class_list":{"0":"post-3756","1":"product","2":"type-product","3":"status-publish","4":"has-post-thumbnail","6":"product_cat-baharatlar","8":"first","9":"instock","10":"shipping-taxable","11":"purchasable","12":"product-type-simple"},"_links":{"self":[{"href":"https:\/\/egecarsisi.nl\/index.php\/wp-json\/wp\/v2\/product\/3756","targetHints":{"allow":["GET"]}}],"collection":[{"href":"https:\/\/egecarsisi.nl\/index.php\/wp-json\/wp\/v2\/product"}],"about":[{"href":"https:\/\/egecarsisi.nl\/index.php\/wp-json\/wp\/v2\/types\/product"}],"replies":[{"embeddable":true,"href":"https:\/\/egecarsisi.nl\/index.php\/wp-json\/wp\/v2\/comments?post=3756"}],"version-history":[{"count":3,"href":"https:\/\/egecarsisi.nl\/index.php\/wp-json\/wp\/v2\/product\/3756\/revisions"}],"predecessor-version":[{"id":5774,"href":"https:\/\/egecarsisi.nl\/index.php\/wp-json\/wp\/v2\/product\/3756\/revisions\/5774"}],"wp:featuredmedia":[{"embeddable":true,"href":"https:\/\/egecarsisi.nl\/index.php\/wp-json\/wp\/v2\/media\/3758"}],"wp:attachment":[{"href":"https:\/\/egecarsisi.nl\/index.php\/wp-json\/wp\/v2\/media?parent=3756"}],"wp:term":[{"taxonomy":"product_brand","embeddable":true,"href":"https:\/\/egecarsisi.nl\/index.php\/wp-json\/wp\/v2\/product_brand?post=3756"},{"taxonomy":"product_cat","embeddable":true,"href":"https:\/\/egecarsisi.nl\/index.php\/wp-json\/wp\/v2\/product_cat?post=3756"},{"taxonomy":"product_tag","embeddable":true,"href":"https:\/\/egecarsisi.nl\/index.php\/wp-json\/wp\/v2\/product_tag?post=3756"}],"curies":[{"name":"wp","href":"https:\/\/api.w.org\/{rel}","templated":true}]}}